5 is divided by 609.
259
Calculate the remainder when 12852 is divided by 66.
48
Calculate the remainder when 152796 is divided by 209.
17
Calculate the remainder when 632 is divided by 125.
7
Calculate the remainder when 79231 is divided by 53.
49
What is the remainder when 8463 is divided by 156?
39
What is the remainder when 41579 is divided by 99?
98
Calculate the remainder when 45904 is divided by 14.
12
What is the remainder when 53213 is divided by 53?
1
What is the remainder when 447426 is divided by 149142?
0
Calculate the remainder when 86204 is divided by 78.
14
Calculate the remainder when 5068 is divided by 2525.
18
What is the remainder when 251344 is divided by 55?
49
Calculate the remainder when 90164 is divided by 710.
704
Calculate the remainder when 2083915 is divided by 694635.
10
Calculate the remainder when 47987 is divided by 71.
62
Calculate the remainder when 13368 is divided by 529.
143
Calculate the remainder when 39150 is divided by 47.
46
Calculate the remainder when 63834 is divided by 31905.
24
What is the remainder when 3316 is divided by 1101?
13
What is the remainder when 38288 is divided by 54?
2
Calculate the remainder when 99756 is divided by 831.
36
What is the remainder when 6046 is divided by 94?
30
Calculate the remainder when 395592 is divided by 47.
40
Calculate the remainder when 82761 is divided by 57.
54
Calculate the remainder when 439482 is divided by 87890.
32
What is the remainder when 1235 is divided by 188?
107
What is the remainder when 112946 is divided by 112882?
64
Calculate the remainder when 38750 is divided by 12908.
26
Calculate the remainder when 174758 is divided by 262.
4
What is the remainder when 2836 is divided by 850?
286
What is the remainder when 5475 is divided by 1825?
0
What is the remainder when 111739 is divided by 6207?
13
Calculate the remainder when 792 is divided by 667.
125
Calculate the remainder when 656 is divided by 315.
26
What is the remainder when 122947 is divided by 40976?
19
Calculate the remainder when 53793 is divided by 539.
432
What is the remainder when 1566965 is divided by 353?
351
What is the remainder when 119631 is divided by 45?
21
Calculate the remainder when 201299 is divided by 34.
19
Calculate the remainder when 4357 is divided by 544.
5
What is the remainder when 3378 is divided by 141?
135
Calculate the remainder when 3919 is divided by 3837.
82
What is the remainder when 8867 is divided by 2027?
759
Calculate the remainder when 828 is divided by 254.
66
Calculate the remainder when 147678 is divided by 142.
140
Calculate the remainder when 162496 is divided by 1076.
20
Calculate the remainder when 5523 is divided by 610.
33
Calculate the remainder when 3185 is divided by 3164.
21
What is the remainder when 1164 is divided by 127?
21
Calculate the remainder when 63747 is divided by 6.
3
Calculate the remainder when 195752 is divided by 553.
543
Calculate the remainder when 2840 is divided by 727.
659
Calculate the remainder when 2145 is divided by 774.
597
What is the remainder when 6337 is divided by 6332?
5
Calculate the remainder when 123816 is divided by 1673.
14
Calculate the remainder when 125488 is divided by 378.
370
Calculate the remainder when 190 is divided by 184.
6
What is the remainder when 8344 is divided by 4172?
0
What is the remainder when 9669 is divided by 2141?
1105
What is the remainder when 4746 is divided by 198?
192
What is the remainder when 130731 is divided by 486?
483
What is the remainder when 9350 is divided by 167?
165
Calculate the remainder when 722530 is divided by 26.
16
Calculate the remainder when 24067030 is divided by 88.
86
Calculate the remainder when 195828 is divided by 566.
558
What is the remainder when 13528 is divided by 4159?
1051
Calculate the remainder when 227761 is divided by 86.
33
What is the remainder when 322616 is divided by 93?
92
Calculate the remainder when 6334 is divided by 996.
358
What is the remainder when 4084 is divided by 456?
436
What is the remainder when 2333 is divided by 114?
53
Calculate the remainder when 6987 is divided by 309.
189
What is the remainder when 2161 is divided by 749?
663
What is the remainder when 890 is divided by 185?
150
Calculate the remainder when 52230 is divided by 17376.
102
What is the remainder when 6055 is divided by 160?
135
Calculate the remainder when 309019 is divided by 522.
517
Calculate the remainder when 23962 is divided by 597.
82
Calculate the remainder when 3165 is divided by 1003.
156
What is the remainder when 133292 is divided by 33322?
4
What is the remainder when 5663 is divided by 134?
35
Calculate the remainder when 3556 is divided by 27.
19
Calculate the remainder when 54930 is divided by 26.
18
What is the remainder when 61932 is divided by 1346?
16
Calculate the remainder when 3583 is divided by 11.
8
Calculate the remainder when 22503 is divided by 30.
3
What is the remainder when 9021 is divided by 7?
5
Calculate the remainder when 16327 is divided by 4079.
11
Calculate the remainder when 2700 is divided by 751.
447
Calculate the remainder when 2821 is divided by 17.
16
Calculate the remainder when 281996 is divided by 20.
16
What is the remainder when 253139 is divided by 38?
21
What is the remainder when 53736 is divided by 94?
62
Calculate the remainder when 4809 is divided by 194.
153
Calculate the remainder when 11801 is divided by 1095.
851
What is the remainder when 475377 is divided by 26?
19
What is the remainder when 712 is divided by 116?
16
Calculate the remainder when 1670 is divided by 18.
14
What is the remainder when 4519 is divided by 1125?
19
What is the remainder when 7598 is divided by 1085?
3
What is the remainder when 1055 is divided by 524?
7
Calculate the remainder when 252282 is divided by 23.
18
What is the remainder when 1894 is divided by 407?
266
What is the remainder when 5256085 is divided by 239?
236
Calculate the remainder when 4237 is divided by 375.
112
What is the remainder when 472823 is divided by 52534?
17
Calculate the remainder when 1061 is divided by 173.
23
What is the remainder when 16140 is divided by 358?
30
Calculate the remainder when 31882 is divided by 7967.
14
What is the remainder when 13113 is divided by 25?
13
What is the remainder when 1941 is divided by 1734?
207
What is the remainder when 149566 is divided by 11?
10
Calculate the remainder when 164099 is divided by 1292.
15
Calculate the remainder when 519 is divided by 24.
15
What is the remainder when 2554 is divided by 331?
237
Calculate the remainder when 17078 is divided by 13.
9
What is the remainder when 3049 is divided by 33?
13
What is the remainder when 172056 is divided by 7?
3
What is the remainder when 2556 is divided by 828?
72
Calculate the remainder when 3194 is divided by 1051.
41
Calculate the remainder when 979 is divided by 91.
69
What is the remainder when 475 is divided by 95?
0
What is the remainder when 7172 is divided by 122?
96
What is the remainder when 6423 is divided by 2108?
99
Calculate the remainder when 5405513 is divided by 669.
662
Calculate the remainder when 31949 is divided by 75.
74
What is the remainder when 6902 is divided by 3263?
376
What is the remainder when 28247 is divided by 810?
707
What is the remainder when 15058 is divided by 1430?
758
Calculate the remainder when 5039 is divided by 387.
8
Calculate the remainder when 12407 is divided by 34.
31
What is the remainder when 8493 is divided by 4239?
15
What is the remainder when 27046 is divided by 2079?
19
What is the remainder when 150365 is divided by 322?
313
Calculate the remainder when 3512 is divided by 948.
668
What is the remainder when 145211 is divided by 72584?
43
Calculate the remainder when 70454 is divided by 114.
2
Calculate the remainder when 50147 is divided by 170.
167
Calculate the remainder when 228382 is divided by 72.
70
Calculate the remainder when 106466 is divided by 819.
815
Calculate the remainder when 410366 is divided by 5.
1
What is the remainder when 15909 is divided by 1204?
257
What is the remainder when 101073 is divided by 42?
21
What is the remainder when 195385 is divided by 1538?
59
What is the remainder when 283035 is divided by 309?
300
What is the remainder when 4618